{"id":548,"date":"2019-06-04T14:55:24","date_gmt":"2019-06-04T14:55:24","guid":{"rendered":"http:\/\/b3eb612.ngrok.com\/wordpress\/elvyre\/?page_id=548"},"modified":"2019-08-01T10:48:43","modified_gmt":"2019-08-01T10:48:43","slug":"servicos","status":"publish","type":"page","link":"https:\/\/testa.com.br\/website\/servicos\/","title":{"rendered":"Servi\u00e7os"},"content":{"rendered":"<section class='page-content' style=''  ><section class='container'><div class='row' style=''><div class='col-md-6 ' style='' ><img src='https:\/\/testa.com.br\/website\/wp-content\/uploads\/2019\/06\/bannerCicrle-Serv-01.jpg' class='left' title='bannerCicrle-Serv-01' alt='bannerCicrle-Serv-01' width='757' height='623'\/><div class='clearfix'><\/div><\/div><div class='col-md-6 ' style='' ><section class='heading-bordered'>\r\n                    <h3>Servi\u00e7os <\/h3>\r\n                <\/section><ul class='services-overview'><li class='icon-tag'><h5>Expertise<\/h5><p>A testa engenharia possui a credibilidade de 40 anos no mercado brasileiro, possui reconhecimento pelos servi\u00e7os prestados. <\/p><\/li><li class='icon-forward'><h5>Projetamos<\/h5><p>Estruturas dedicadas a equipamentos, para movimenta\u00e7\u00e3o e eleva\u00e7\u00e3o de equipamentos de cargas<\/p><\/li><li class='icon-forward'><h5>Fabricamos<\/h5><p>Entregamos todos os equipamentos funcionando, certificados, com ART e\nRespectivos manuais contemplando todos os itens. \n<\/p><\/li><li class='icon-forward'><h5>Modernizamos<\/h5><p>Pontes Rolantes, P\u00f3rticos Rolantes, Talhas El\u00e9tricas para atenderem as normais atuais, especialmente a NR12.\n<\/p><\/li><\/ul><\/div><\/div><\/section><\/section><section class='page-content custom-background color-background' style='background-color: #f6f6f6;'  ><section class='container'><div class='row' style=''><div class='col-md-12 ' style='' ><div class='cma-wysiwyg-editor'><h1><strong>40 anos de sucesso junto aos<\/strong><br \/><strong>amigos e clientes do Brasil<\/strong><\/h1><h4>50 parceiros no Brasil, 5 mil projetos realizados e mais de 1500 clientes satisfeitos.<\/h4><\/div><\/div><\/div><\/section><\/section>\n","protected":false},"excerpt":{"rendered":"","protected":false},"author":1,"featured_media":0,"parent":0,"menu_order":0,"comment_status":"closed","ping_status":"open","template":"","meta":{"footnotes":""},"_links":{"self":[{"href":"https:\/\/testa.com.br\/website\/wp-json\/wp\/v2\/pages\/548"}],"collection":[{"href":"https:\/\/testa.com.br\/website\/wp-json\/wp\/v2\/pages"}],"about":[{"href":"https:\/\/testa.com.br\/website\/wp-json\/wp\/v2\/types\/page"}],"author":[{"embeddable":true,"href":"https:\/\/testa.com.br\/website\/wp-json\/wp\/v2\/users\/1"}],"replies":[{"embeddable":true,"href":"https:\/\/testa.com.br\/website\/wp-json\/wp\/v2\/comments?post=548"}],"version-history":[{"count":3,"href":"https:\/\/testa.com.br\/website\/wp-json\/wp\/v2\/pages\/548\/revisions"}],"predecessor-version":[{"id":1088,"href":"https:\/\/testa.com.br\/website\/wp-json\/wp\/v2\/pages\/548\/revisions\/1088"}],"wp:attachment":[{"href":"https:\/\/testa.com.br\/website\/wp-json\/wp\/v2\/media?parent=548"}],"curies":[{"name":"wp","href":"https:\/\/api.w.org\/{rel}","templated":true}]}}